/8 - (-1)/4. Let x(t) be the first derivative of -t**4/4 - 4*t**3/3 + 2*t**2 + 6*t + 1. Is x(d) composite?
False
Let s(k) = k**3 + 6*k + 3. Let g be s(-4). Suppose -3*m = -4*m - 52. Let d = m - g. Is d composite?
True
Let w(u) = u + 5. Let m(r) = r. Let a be m(5). Let b be w(a). Let y = b - 7. Is y prime?
True
Let a(y) = y**3 + 8*y**2 - 11*y - 13. Let i be a(-9). Suppose -4*n - 155 = -s, -2*n = i*s - 159 - 660. Is s composite?
False
Let b = 98 + -54. Let k be (b/(-6))/(4/42). Is (-2)/(-4)*0 - k composite?
True
Is (7980/(-8) + 1)*-2 a composite number?
False
Suppose -5 + 29 = -4*q. Is (-104)/q*6/4 prime?
False
Let a be 2 + 6*(-2)/(-4). Suppose -4*k + 4*j = -8, 2*k + a*j - 10 = j. Suppose 2*u = k*u - 2*c - 71, 0 = -4*u - 5*c + 336. Is u prime?
True
Suppose 2*c - 6 = -4. Suppose 0 = 2*f - 3*f - 5. Is c/f - (-284)/20 a prime number?
False
Is 32/(-144) + 1/((-18)/(-5368)) composite?
True
Suppose 4*o + 7 = 23. Suppose 2*p - o = 2. Suppose 2*k - 170 = 4*d, -p*k + 0*d = -d - 265. Is k a prime number?
True
Suppose -4*k - 135 = -607. Suppose -2*w + 0*w + k = 0. Let u = -26 + w. Is u prime?
False
Let h(s) = 2*s**2 + 5*s - 7. Let r(q) = 2*q**2 + 6*q - 7. Let m(b) = 3*h(b) - 2*r(b). Is m(6) a composite number?
False
Let k be (-4*23)/(-2 - 0). Suppose 4*u + 1 + k = r, 89 = 3*r + u. Is r prime?
True
Let x(y) = 53*y**2 - 5*y + 7. Is x(3) prime?
False
Let o(f) = 3*f**2 - 33*f + 11. Is o(13) prime?
True
Let f be (-16)/12*(-3)/2. Let j(k) = -f*k**2 + 9*k - 2 + 4*k**2 - 3*k - k**3. Is j(-5) a prime number?
False
Suppose -65*u + 16355 = -60*u. Is u a composite number?
False
Let u(c) = -9*c + 1. Let o be u(-1). Suppose -3*t - 20 + 2 = -3*q, -5*t = 10. Suppose -q*j + o = -14. Is j a prime number?
False
Suppose -421 = -l - 30. Is l prime?
False
Let b = 30 - -85. Is b a prime number?
False
Let b = -57 - -202. Is b composite?
True
Let a be (-576)/(-10) - (-8)/20. Is 2/(4/a)*5 composite?
True
Let h be 1/3 - (-1551)/(-9). Is h/(-8) + (-1)/2 prime?
False
Suppose 2*j - 53 = j. Is j prime?
True
Suppose 5*y + 0 - 100 = 0. Is 240/7 + y/(-70) a composite number?
True
Let v = 240 - -151. Is v prime?
False
Let u be (30/12)/(2/8). Let p(m) = -m**3 + 13*m**2 + 10*m - 5. Is p(u) a composite number?
True
Is 11442/18 + 4/(-6) prime?
False
Let f be (16/10)/((-2)/(-5)). Is f/(-12) - (-192)/9 a prime number?
False
Suppose -4*h - 2*w + 334 = 0, -18*h + 2*w = -16*h - 176. Is h a prime number?
False
Let y = -146 + 273. Is y a prime number?
True
Suppose 4*k - 5*s - 20 = 0, -k + 4*s + 0*s = -5. Suppose -10 = -5*z, -4*r - r - 10 = -k*z. Suppose 0 = 3*x + 15, -5*q = -r*q + 2*x - 120. Is q a prime number?
False
Let w = 18 - 15. Is ((-1914)/(-8))/w*4 a composite number?
True
Let r = 796 + -1401. Let m = r - -1116. Is m composite?
True
Is (-12)/(-30) + (-549)/(-15) composite?
False
Let w be 6/8 + 2121/4. Let q be (-1)/((-3)/w*-3). Let t = q - -82. Is t composite?
False
Let o be (-456)/(-9)*108/8. Let b = o - 217. Is b prime?
True
Let w be -5 + (-1)/(-1) + 5. Is w - (0 - 702/3) a composite number?
True
Let d be (1 - 0)*(10 - 7). Suppose 2*w + 2*w - d*z - 12 = 0, 5*z = 0. Is w composite?
False
Let q(g) = g - 1. Let p be q(1). Let r = -40 + 59. Suppose p = 2*k - 57 + r. Is k composite?
False
Let n(i) = 14*i**2 - 3*i - 1. Is n(4) a prime number?
True
Let r(z) = -z**3 - 10*z**2 - 4*z - 12. Let o be r(-9). Let f = 245 - 153. Let u = f + o. Is u prime?
False
Let q(z) = 6*z**2 + 4*z + 3. Is q(-5) a prime number?
False
Let l(v) be the first derivative of 7*v**4/12 + v**3/6 - v**2/2 - 2. Let h(s) be the second derivative of l(s). Is h(1) prime?
False
Let z(l) = 2*l**2 - 1. Let t be z(2). Suppose 1 = -3*y + t. Suppose 4*a - 92 = y*a. Is a composite?
True
Let r(t) be the second derivative of -23*t**3/6 - 2*t**2 + 4*t. Is r(-3) a composite number?
True
Suppose 0*q - 1140 = -3*q. Let v = 639 - q. Is v composite?
True
Let z(l) = -122*l - 4. Let p be z(-5). Suppose g + a - 299 = 0, -g + p = g - 2*a. Is g composite?
True
Let i(v) = -v + 1. Let u(r) = 8*r + r - 41 - 2*r. Let q(c) = -6*i(c) - u(c). Is q(0) a prime number?
False
Let b(f) = 398*f**2 - 1. Is b(2) composite?
True
Let b(n) = 32*n + 1. Let c be b(1). Suppose -c = -4*a - 1. Suppose -a*z + 3*z + 665 = 0. Is z prime?
False
Suppose -t = 12 + 52. Let j = 175 + t. Is j a prime number?
False
Let p(b) = -b**3 + 7*b**2 - 4*b + 3. Suppose 0*g + 12 = 3*g. Is p(g) prime?
False
Let i(d) = 35*d**2 + d. Let w be i(-1). Suppose -8 = -l + 2*b - 1, -3*b - 7 = -5*l. Is -6*w/4*l a prime number?
False
Let r(z) = 49*z**3 + 2*z**2 - 2*z - 1. Is r(2) a composite number?
True
Let s = -159 + 54. Let a = -68 - s. Is a a prime number?
True
Let l = 3 + 0. Let j be ((-3)/6)/(l/(-1416)). Suppose -3*p = p - j. Is p a prime number?
True
Suppose -4*v - 87 = -827. Is v a composite number?
True
Let c(g) = 2*g + 4. Suppose 3*d = d - 10. Let s be c(d). Let x = 13 + s. Is x a prime number?
True
Suppose j - 968 = -5*o, 6*j + 2854 = 9*j + 5*o. Is j a composite number?
True
Let l(b) = b**2 + 6*b + 4. Let i be l(-5). Is ((-2)/(-3))/(i/(-15)) composite?
True
Let d(j) = j**3 + 10*j**2 - 1. Let t be ((-3)/(-4))/((-6)/(-48)). Suppose -3*y = -t*y - 24. Is d(y) composite?
False
Suppose 7*t - 4*t - 447 = 3*s, 581 = 4*t - s. Suppose t = 4*l + 12. Is l prime?
False
Suppose 3*h = -5*g + 15094, -h + 5038 = 4*g - 9*g. Is h a composite number?
True
Is 5*(-3)/(-45)*978 composite?
True
Suppose -2*o = 2*p - 612, 1539 = 5*o - 2*p + 4*p. Is o a composite number?
True
Suppose 9 = 5*h - 6. Suppose -h*o + 4*o = -4. Let a(k) = -3*k**3 - 5*k**2 - 6*k - 5. Is a(o) a prime number?
True
Let w(m) = 22*m + 10. Is w(6) a composite number?
True
Let s(o) = 131*o**2 - 3*o + 3. Is s(2) prime?
True
Let c(y) = 7*y**3 - 4*y**2 + y + 2. Suppose l + 0 + 2 = -m, 0 = 2*l + 4*m + 12. Let i be c(l). Let f = 81 - i. Is f a composite number?
False
Let t(r) = r - 1 + 15*r + 4*r - 2*r. Let f(x) = 2*x**2 + 3*x + 1. Let o be f(-2). Is t(o) composite?
False
Let g be (6/9 - 1)*-12. Suppose 335 + 157 = g*k. Is k prime?
False
Let s(y) be the second derivative of 19/12*y**4 + 0*y**2 - 2*y + 0*y**3 + 0. Is s(-1) prime?
True
Let l = 6408 + -4541. Is l a prime number?
True
Let g be ((-6)/8)/((-9)/36). Suppose 0 - 3 = g*d. Let m = d - -3. Is m a composite number?
False
Let p = -80 - -145. Is p a composite number?
True
Let t(i) = -i - 11. Let u = -18 + 12. Let x be t(u). Let c = 9 - x. Is c prime?
False
Let f be 35/((-2)/(3 + -7)). Is (3/(3/f))/2 a composite number?
True
Let i = -17 - -14. Is (-6)/(-9) + (-1189)/i a prime number?
True
Let d(z) be the third derivative of 4*z**6/5 + z**5/30 - z**4/12 + z**3/6 - 2*z**2. Is d(1) prime?
True
Let c(o) = o**2 - o + 5. Let b be c(0). Suppose 2*u + 4*x - 140 = -6, -2*u + b*x = -134. Is u a composite number?
False
Let u(z) = -62*z - 7. Let h be u(-6). Suppose 2*v - h = v. Is v composite?
True
Let g = -262 + 449. Is g prime?
False
Let f(y) = -34*y**3 - 3*y**2 - 5*y. Let x be f(-3). Let h = x + -513. Is h a composite number?
True
Let r = 8 - 5. Suppose -87 = -b - r*s, -2*b + s + 174 = 5*s. Is b a composite number?
True
Let a(i) = -i**3 + 9*i**2 + 11*i - 10. Let d be a(10). Suppose 2*o + 3*h = 314, d*h - 672 = -4*o + 5*h. Is o a composite number?
False
Let p(q) = 20*q**3 + 3 - 2 + 2*q**2 - 2*q + 0. Let z(k) = 59*k**3 + 7*k**2 - 7*k + 3. Let x(y) = 7*p(y) - 2*z(y). Is x(1) a composite number?
False
Let c be 34/8 + 12/16. Suppose 5*a + c*q = 110, a - 4*q = 3*a - 42. Is a prime?
True
Let g(i) = -i - 9. Let h be g(-12). Suppose h*w - 5*w = -138. Is w a prime number?
False
Let g(v) = 2*v - 2. Let i be g(4). Let w be (15 - -4) + i/2. Let n = w + -1. Is n a composite number?
True
Let o = 793 + 16. Is o composite?
False
Suppose 9 = 2*b - 7. Let h(p) = -p**2 + 13*p - 1. Is h(b) prime?
False
Let s(u) = 6*u**2 - u**3 - 4*u + 0*u**2 + 5*u - u**2. Let l be s(5). Suppose -39 = -2*p - 2*j + 55, l*j = -10. Is p a prime number?
False
Let l(f) = -3*f + 4. Let r(u) = 4*u - 4. Let i(d) = 3*l(d) + 2*r(d). Let a be i(-5). Let o = a + 13. Is o composite?
True
Let h(i) = 142*i. Suppose 3*n + 16 = -n + 4*o, 4*n + 11 = 3*o. Is h(n) prime?
False
Suppose -4*a = -0*a - 836. Suppose 0 = -2*o - 6, 0 = -k - o + a - 55. Is k a prime number?
True
Suppose 2647 = m - 3*g + g, 3*g = 5*m - 13249. Is m composite?
True
Suppose -5*g - l = -0*l - 14, -